e millions digit of 80956778?
0
What is the ten thousands digit of 404301045?
0
What is the hundreds digit of 1677742929?
9
What is the hundreds digit of 1072761461?
4
What is the ten thousands digit of 327716175?
1
What is the tens digit of 21971509?
0
What is the hundreds digit of 3057115239?
2
What is the tens digit of 744989304?
0
What is the thousands digit of 16079306?
9
What is the hundred millions digit of 1003700498?
0
What is the ten thousands digit of 74831331?
3
What is the millions digit of 120603026?
0
What is the tens digit of 42384836?
3
What is the tens digit of 4800820?
2
What is the millions digit of 3996267?
3
What is the ten thousands digit of 3352343367?
4
What is the ten millions digit of 278823530?
7
What is the tens digit of 54331630?
3
What is the millions digit of 88884234?
8
What is the units digit of 22868127?
7
What is the millions digit of 82826724?
2
What is the ten thousands digit of 188731535?
3
What is the ten millions digit of 1995020196?
9
What is the hundred thousands digit of 552337277?
3
What is the ten millions digit of 204301707?
0
What is the ten thousands digit of 2957293916?
9
What is the thousands digit of 363623031?
3
What is the hundreds digit of 563687952?
9
What is the thousands digit of 360682314?
2
What is the units digit of 45484418?
8
What is the units digit of 63157612?
2
What is the millions digit of 5610226210?
0
What is the thousands digit of 85467764?
7
What is the tens digit of 3663328537?
3
What is the units digit of 35248151?
1
What is the hundred thousands digit of 11377382?
3
What is the thousands digit of 482961212?
1
What is the millions digit of 83046016?
3
What is the ten millions digit of 20954932?
2
What is the billions digit of 1433850771?
1
What is the hundreds digit of 349874?
8
What is the ten millions digit of 97755393?
9
What is the millions digit of 533259126?
3
What is the hundred thousands digit of 7959274?
9
What is the units digit of 89344198?
8
What is the billions digit of 5515650425?
5
What is the hundred millions digit of 200636215?
2
What is the ten millions digit of 65018517?
6
What is the millions digit of 237819046?
7
What is the hundred thousands digit of 46487183?
4
What is the hundred millions digit of 720506675?
7
What is the tens digit of 887857930?
3
What is the millions digit of 114350224?
4
What is the ten thousands digit of 713399653?
9
What is the hundreds digit of 23326081?
0
What is the hundred thousands digit of 1666354731?
3
What is the ten millions digit of 1073018653?
7
What is the thousands digit of 45079002?
9
What is the hundred thousands digit of 1650303131?
3
What is the hundred thousands digit of 20215507?
2
What is the hundreds digit of 282372308?
3
What is the ten millions digit of 118290286?
1
What is the millions digit of 1294410219?
4
What is the millions digit of 989297353?
9
What is the thousands digit of 3074440999?
0
What is the ten thousands digit of 503049353?
4
What is the ten millions digit of 3106226891?
0
What is the thousands digit of 314275888?
5
What is the units digit of 29251891?
1
What is the ten thousands digit of 3648431648?
3
What is the hundred thousands digit of 957258315?
2
What is the hundreds digit of 23299804?
8
What is the ten millions digit of 14781141?
1
What is the millions digit of 61504489?
1
What is the hundred millions digit of 4841171838?
8
What is the hundred millions digit of 282432411?
2
What is the billions digit of 1680358186?
1
What is the units digit of 363296869?
9
What is the ten millions digit of 3816727329?
1
What is the tens digit of 149389224?
2
What is the tens digit of 137555064?
6
What is the tens digit of 672937174?
7
What is the hundred millions digit of 1126741028?
1
What is the units digit of 2427800570?
0
What is the thousands digit of 383241491?
1
What is the hundreds digit of 101278596?
5
What is the ten thousands digit of 23684143?
8
What is the ten thousands digit of 53914672?
1
What is the millions digit of 6493143188?
3
What is the hundred millions digit of 134627630?
1
What is the hundred thousands digit of 87762821?
7
What is the hundred millions digit of 5229690465?
2
What is the hundred millions digit of 7362400900?
3
What is the units digit of 287085993?
3
What is the thousands digit of 1176755186?
5
What is the hundred thousands digit of 1920715109?
7
What is the hundreds digit of 23667362?
3
What is the ten millions digit of 128016469?
2
What is the ten millions digit of 1205689796?
0
What is the ten thousands digit of 43391834?
9
What is the hundred millions digit of 108524939?
1
What is the ten millions digit of 5509648161?
0
What is the units digit of 135951341?
1
What is the thousands digit of 91732733?
2
What is the hundred millions digit of 1060758209?
0
What is the tens digit of 368674552?
5
What is the hundred thousands digit of 1060650863?
6
What is the thousands digit of 37967936?
7
What is the units digit of 48061874?
4
What is the hundreds digit of 24393919?
9
What is the hundred thousands digit of 141748787?
7
What is the tens digit of 381028207?
0
What is the thousands digit of 64849599?
9
What is the hundred millions digit of 1953107238?
9
What is the ten thousands digit of 771572170?
7
What is the thousands digit of 3036057211?
7
What is the units digit of 13254929?
9
What is the billions digit of 2771065511?
2
What is the ten millions digit of 114506411?
1
What is the ten millions digit of 8317434041?
1
What is the tens digit of 2319317029?
2
What is the units digit of 18720633?
3
What is the ten millions digit of 1518231117?
1
What is the ten millions digit of 91616093?
9
What is the hundred thousands digit of 1366822315?
8
What is the ten thousands digit of 824324578?
2
What is the thousands digit of 3500655247?
5
What is the thousands digit of 138259812?
9
What is the hundreds digit of 1353067440?
4
What is the ten thousands digit of 9622706?
2
What is the ten millions digit of 6297965602?
9
What is the hundred millions digit of 173074110?
1
What is the hundred millions digit of 153207479?
1
What is the hundred millions digit of 1512697685?
5
What is the billions digit of 1205168188?
1
What is the ten thousands digit of 736525861?
2
What is the ten millions digit of 2412817429?
1
What is the units digit of 57218569?
9
What is the units digit of 19436866?
6
What is the billions digit of 2363845521?
2
What is the tens digit of 36200956?
5
What is the millions digit of 2061135567?
1
What is the units digit of 227473631?
1
What is the hundred millions digit of 1811677837?
8
What is the ten thousands digit of 4551858?
5
What is the hundreds digit of 896174347?
3
What is the hundred thousands digit of 116572724?
5
What is the millions digit of 5982329923?
2
What is the tens digit of 4099487662?
6
What is the billions digit of 3766317731?
3
What is the thousands digit of 83780484?
0
What is the units digit of 474794697?
7
What is the units digit of 32032687?
7
What is the units digit of 274746274?
4
What is the thousands digit of 1610394828?
4
What is the hundreds digit of 248078660?
6
What is the ten millions digit of 2061698906?
6
What is the millions digit of 84428476?
4
What is the ten millions digit of 155172451?
5
What is the thousands digit of 8007441204?
1
What is the ten millions digit of 151589367?
5
What is the thousands digit of 30443452?
3
What is the thousands digit of 634617376?
7
What is the thousands digit of 3143782?
3
What is the units digit of 210763568?
8
What is the hundred thousands digit of 2643835370?
8
What is the ten millions digit of 2907303278?
0
What is the hundred millions digit of 4509824017?
5
What is the ten thousands digit of 1494463624?
6
What is the hundred millions digit of 3902571952?
9
What is the millions digit of 351414243?
1
What is the billions digit of 1324571865?
1
What is the thousands digit of 2554924163?
4
What is the ten millions digit of 4757623306?
5
What is the units digit of 7092351231?
1
What is the hundred thousands digit of 37701518?
7
What is the billions digit of 3724978236?
3
What is the ten thousands digit of 3921982929?
8
What is the thousands digit of 38839167?
9
What is the ten millions digit of 552355987?
5
What is the millions digit of 33273736?
3
What is the hundred thousands dig